1146*z + 317009. Is n a prime number?
False
Let h = 1444 + -999. Suppose -h*q + 443*q + 138 = 0. Is q composite?
True
Let v(i) = i**3 - 95*i + 22229. Is v(0) a prime number?
True
Suppose 15*j - 131229 = 14*j - f, 0 = 2*j + f - 262450. Is j composite?
False
Suppose -3*h = -2*s + s + 26, -2*h - 23 = -s. Suppose s*m + 40172 = 172891. Is m a prime number?
False
Let k be ((-78)/(-4))/((-6)/(-12)). Let p = -37 + k. Suppose 5*v + 0*x - 643 = -4*x, -5*v - p*x = -649. Is v a prime number?
True
Suppose -2*u + 792 = -4*w, u + 5*w = 2*w + 386. Let r = 2755 - u. Is r a prime number?
False
Suppose 103*q + 130*q = 203*q + 14928990. Is q a prime number?
True
Suppose -8*l + 79542 = 8734. Is l composite?
True
Let k = 16 + -16. Suppose 3*i = 5*a + 18, -5*i + 4*a + 5 + 12 = k. Let z(n) = 12*n + 3. Is z(i) prime?
False
Let y be (-3 + (-28)/(-12))/((-1)/3). Suppose 0 = y*z - 28 + 10. Suppose 11 + z = -5*o, -v + o = -2523. Is v a composite number?
True
Is (1/(-1))/((-116)/554596) a composite number?
True
Suppose 0 = -3*t - h + 4752, h - 6337 = -13*t + 9*t. Is t a prime number?
False
Let n = -148780 - -934743. Is n prime?
True
Is (3027548/50)/((-2)/10)*40/(-16) prime?
True
Let s = 5378 - 4687. Is s a prime number?
True
Let j(u) = 228*u**2 + 2*u + 3. Let i = -3 + -9. Let r(b) = -b**3 - 12*b**2 + b + 10. Let m be r(i). Is j(m) a composite number?
False
Let y = -527 - -757. Let g = -19 + y. Is g a prime number?
True
Let h = 1635933 - 1046236. Is h prime?
False
Let p be 7/(-2) - (-2)/(-4). Let g = -1993 - -1988. Is (10 - p)*(1005/(-6))/g a composite number?
True
Let a(f) = -8*f + 12*f + 2*f + 6 + 197*f**2 + 12*f. Is a(5) composite?
False
Let n(a) = -314*a + 108. Let t be n(-4). Let y = t + 2781. Is y composite?
True
Let m(o) = 143*o**2 - 106*o - 106. Is m(17) a composite number?
False
Let r(k) = k**2 - k - 2. Let v(y) = 4*y**2 + 25*y + 7. Let i(c) = 2*r(c) + v(c). Is i(-28) prime?
False
Let u(v) be the second derivative of 1641*v**5/10 + 2*v**3/3 - 3*v**2/2 + 5*v. Let l be u(1). Suppose z = -6*z + l. Is z prime?
False
Suppose -m + 1317 - 35 = 0. Let n = 311 - 289. Suppose m = n*y - 20*y. Is y composite?
False
Let f = -3412 - -3533. Suppose -343 = -2*y + 29. Suppose t - f = y. Is t prime?
True
Let k(t) be the third derivative of 3*t**5/10 + 3*t**4/8 - 4*t**3/3 + 23*t**2. Let p be k(5). Suppose d - 4*b - p = 262, -5*b = -5. Is d a prime number?
False
Let f be (-2 + 4/(-5))*(2 + -987). Let s = f + 3465. Suppose 0 = t + 6*t - s. Is t a prime number?
False
Let l = 223 + -147. Is (l/(-6))/(2 - (-2556)/(-1269)) a prime number?
False
Suppose -2*f = 3*l - 2, -4*f - 4 = l - 8*f. Suppose l = -17*h + 6*h + 5665. Is h prime?
False
Let x = 45 - 41. Suppose 2*d = -2*a + 12, 0 = x*d - a - 0 - 14. Suppose d*q - 5*q + 3943 = 0. Is q a composite number?
False
Let o(j) = 2*j**2 + 2*j - 5. Let z be o(-4). Let q = z - 100. Let d = 428 + q. Is d prime?
True
Let q(p) = p**3 + 4*p**2 + 5*p + 4. Let x be q(-2). Suppose 2*s + x*u - 214 + 60 = 0, 5*u - 25 = 0. Suppose a - 119 = s. Is a prime?
True
Suppose 8270 = 3*k + 2564. Suppose -2*g - k = -5*g. Let l = 1196 - g. Is l composite?
True
Let s(y) = 5*y**2 + 66*y + 16. Let d be s(-13). Suppose 3*l + 34 - 37 = 0, 0 = d*t - 4*l - 599. Is t a prime number?
False
Is (-959007)/(20 - 322/14) a prime number?
False
Suppose 5*s = s + 8. Suppose -z - 13 = -s*z. Let n(r) = -r**3 + 16*r**2 - 19*r + 5. Is n(z) composite?
True
Suppose -46*y + 9 = -37. Let v be 6/4 + 3/(-6). Is 298/(2 + (v - y)) a prime number?
True
Suppose -5*x - 98 = 117. Let s = 42 + x. Let i = s - -300. Is i composite?
True
Let l(j) = -455*j**3 + 4*j**2 + 2*j + 25. Let o(y) = 21*y - 4. Let b be o(0). Is l(b) composite?
False
Let h be (32/(-8) - -2375) + 4. Let d = h + 128. Is d a composite number?
False
Suppose 0 = 5*m - 4*t + 2356 - 50967, 0 = 2*m + t - 19434. Is m composite?
False
Suppose -4*j + 169 = 2*x + 3, -5*x - 2*j = -439. Let u = x - 94. Is (-2)/7 + (65950/35 - u) a composite number?
False
Let c(x) be the second derivative of 187*x**3/6 - x**2 - x. Suppose 0 = -20*k + 21*k - 1. Is c(k) prime?
False
Let u = 649 + -464. Let f = u + 1184. Let i = -632 + f. Is i prime?
False
Is (-13)/(-65) - (2/(-4) - (-792915)/(-50)) composite?
False
Suppose 0 = -7024*h + 7030*h - 4200702. Is h a prime number?
False
Let q be (7/7)/((-2)/(-8)). Let j(n) = -6*n + n**2 + 3 + q + n - 5. Is j(-7) composite?
True
Let j(v) = 442*v**2 + 1472*v - 31. Is j(44) prime?
False
Let x(t) = -319*t + 16. Let z be x(2). Let r(y) = -7*y**3 + 2*y**2 + y - 7. Let i be r(-5). Let j = z + i. Is j prime?
False
Suppose 0 = -5*c + 4646 + 34329. Suppose 0 = 3*o + 2*o - 3*p + c, 0 = -4*o - p - 6219. Let a = -583 - o. Is a composite?
True
Let r(m) = 110*m**2 - 26*m - 1307. Is r(55) composite?
True
Let j = -182 + 2530. Suppose 0 = 2*t - 15 + 5. Suppose 0 = t*k - k - j. Is k composite?
False
Suppose 5*t + 2*a = 2854605, 3*t + 46*a = 43*a + 1712754. Is t a prime number?
False
Let h = -273 - -273. Suppose h = -4*o - 9169 + 42413. Is o composite?
False
Let n(f) = -431*f**3 - 7*f**2 - 14*f - 13. Is n(-6) composite?
True
Let u(j) = -268*j**3 - j**2 + j - 10. Is u(-3) a composite number?
True
Is 102/1173 + (-445138)/(-46) prime?
True
Let b(j) = -1379*j + 4301. Is b(-24) composite?
False
Let j(g) = 40205*g**2 - 47*g + 117. Is j(3) a prime number?
False
Let a = 69228 + -25163. Suppose -48*y - a = -53*y. Is y a composite number?
True
Let p = -653 + -387. Let q = 3673 + p. Is q a composite number?
False
Suppose 0 = -r + k + 4 + 11, -27 = -2*r + k. Let d(g) = -2*g - 34*g + 35 - r*g - 34*g. Is d(-13) prime?
False
Suppose 1057495 + 447925 = 20*d. Is d a composite number?
True
Let q be -3*(-8)/32 + 125/4. Suppose -99 + q = 2*f + c, 46 = -f - 3*c. Let r = f + 242. Is r a prime number?
True
Let w(t) = -7047*t + 1313. Is w(-22) prime?
True
Let j(c) = -c**3 - 5*c - 3. Let u be j(-4). Let m = 352 - 276. Let z = m + u. Is z prime?
True
Suppose -36*g = -33*g - 15. Suppose 0 = -g*m + t + 44692, -3*m - 2*t = -18834 - 7989. Is m prime?
False
Suppose -17*k + 30271 = -21375. Let q = -2027 + k. Is q a composite number?
True
Let b = -434 + 670. Suppose 0 = -290*x + 286*x + b. Is x composite?
False
Suppose -3*t + 4 + 11 = 2*i, -5*t = i - 25. Suppose -2*a + 4 = i, s + 0 = -a + 2. Suppose 3*g - 297 - 1074 = s. Is g composite?
False
Let r(a) be the second derivative of 97*a**5/20 + a**4/6 - 13*a**3/6 + 23*a**2/2 + 11*a. Is r(2) a composite number?
True
Let l(r) = -r**2 + 4*r - 2. Let s be l(3). Let k be -3 + (6297 - s - -3). Is (k/(-20))/(10/(-25)) a composite number?
False
Let t(a) = 9489*a - 1865. Is t(24) composite?
False
Let q(a) = 5*a**3 - 26*a**2 - 152*a - 66. Is q(35) a prime number?
False
Let f(c) = 187175*c - 1449. Is f(2) a prime number?
True
Let i be (5/((-45)/(-2)))/((-3)/(-54)). Suppose -i*a = -20, 4*d - a + 0*a = 38039. Is d a composite number?
False
Suppose 0 = -250*d - 9008674 + 36322424. Is d a composite number?
True
Let h(i) = 263*i + 105. Let r(d) = 3*d**2 - 3*d - 6. Let n be r(3). Is h(n) composite?
True
Is 883/((-4)/(-5352)*6) prime?
False
Let u be (-291)/27 + 1 - (-10)/(-45). Let q be (-1)/(-2)*u + 2. Let h(m) = -6*m**3 + 4*m**2 - m. Is h(q) composite?
True
Let m = 8130 - -1993. Is m composite?
True
Suppose -3*h + o = -99, 4*h = 5*o + 196 - 64. Suppose h*d + 4036 = 37*d. Is d composite?
False
Suppose 739*k - 702*k - 2322664 = 1732129. Is k prime?
True
Let h(j) = -775*j**2 - 7*j - 7. Let o be h(-3). Let z = 2170 - o. Is z composite?
True
Let x = -2027 - -1283. Let s = 313 - x. Is s a prime number?
False
Let s = -22 - -61. Suppose 4*h + s = x, -x + h + 5 = -25. Suppose -x*k - 4964 = -31*k. Is k a prime number?
False
Let r = 7107 + -4946. Is r a prime number?
True
Suppose 0 = 11*z - 2*z - 18675. Let m = z + -1114. Is m a composite number?
True
Let q(m) = -22*m + 109. Let y be q(-17). Suppose 0 = b + 4*v - 161, 19*v + y = 3*b + 23*v. Is b a prime number?
False
Suppose 0 = 98*u - 50*u - 436368. Is u prime?
True
Suppose -2*b = -g + 11 - 9, -b = g - 2. Suppose b - 2 = -r. Suppose -3*x = o - 307, -4*x - 614 = -r*o + x. Is o a prime number?
True
Let z be 3/2*16/(-6). Let t(l) be the second derivative of -44*l**3/3 - 23*l**2/2 - 3*l + 2. Is t(z) prime?
False
Let g = 3174 + -1670. Let m = g + -1037. Is m composite?
False
Let y be 352595/(-2) - (5 - (-9